 + 15 = 3*c, a + 6 = c + n. What is the units digit of a?
7
Suppose 2*j = -17 - 5. Let u(a) = -a**3 - 12*a**2 - 12*a + 8. What is the tens digit of u(j)?
1
Suppose 3*x = x - 10. Let k = x - -12. What is the units digit of k?
7
Let n(s) = -6*s + 0*s**2 - 2 + 6*s + 9*s**2. What is the units digit of n(2)?
4
Suppose v + 15 = 2*v. Suppose 5*f - 4*c = v, 4*f - 3*c - 15 = -f. Suppose -l - 4*u = l - 12, 5*u + 29 = f*l. What is the units digit of l?
8
Suppose -4*p + 51 = -5. Suppose -3*x + p = -c + 3*c, c - x + 3 = 0. What is the units digit of c?
1
Let k be 2/((-3)/18*4). Let t(w) = -w**3 - 3*w**2 - 4*w - 3. What is the units digit of t(k)?
9
Let w(j) be the third derivative of -1/120*j**6 + 0*j + 0 - 1/12*j**5 - 5/24*j**4 - 7/6*j**3 - 3*j**2. What is the tens digit of w(-5)?
1
Let v(p) = p**2 + 3*p - 6. Let a(i) = -5*i - 1. Let h be a(-1). What is the tens digit of v(h)?
2
Suppose -3*z - 15 = -3*b, -26 = -4*b - 2*z + 3*z. What is the units digit of b?
7
Suppose 4 = 4*o - 2*o. Suppose -2*s = 4*i - 14, s + o*s - 21 = -5*i. What is the units digit of s?
7
Let m(u) be the third derivative of -u**4/24 - 3*u**2. Let l be m(0). Suppose l = -3*y + 6 + 54. What is the tens digit of y?
2
Let a(s) = -s**3 + 3*s**2 + 7*s. Let b be a(5). Let w = b + 36. Suppose 4 = j - u, w = 3*j + 5*u - 7. What is the units digit of j?
6
Suppose -2*x = 2*l - 0*x - 50, 0 = -3*l - 5*x + 71. What is the tens digit of l?
2
Suppose -2 = -5*b + 23. Suppose 40 = 5*h + 5*m, 3*h - b*m = -0*h. What is the units digit of h?
5
Let h(j) = -j + 1. Let c be h(4). Suppose 3*l - 19 = -4*k, 5*k = 2*l + 3 - 8. Let q = c + l. What is the units digit of q?
2
Let k = 9 + -4. Suppose -4*i - 2 = -x - k, -3*i - 1 = -4*x. What is the units digit of 1/(-2)*i*-16?
8
Suppose 3*o + o = -20. Let x be (12/10)/((-2)/o). Suppose 8 = 2*a, 4*y - a = x*y. What is the units digit of y?
4
Let s(c) = c**3 - 4*c**2 - 5*c - 7. Let h be s(5). Let y = h + 22. What is the tens digit of y?
1
Suppose -h - 237 - 3 = -s, -5*h + 515 = 2*s. What is the tens digit of s?
4
Let q(u) = u**2 + 9*u - 2. Let j be q(-10). Let d = -5 + j. What is the units digit of 1*(d + 7 - 2)?
8
Let h = -32 + 75. What is the tens digit of h?
4
Let j be 28/(-5)*(1 + 4). Let q = j - -40. What is the units digit of q?
2
Let g(o) = 19*o**3. What is the units digit of g(1)?
9
Let v(q) = q**2 + 8*q - 16. Let b be v(-11). Suppose -5*g + b = -23. What is the units digit of g?
8
Suppose 3 + 0 = a. Suppose 19 - 76 = -a*t. Suppose t - 1 = 4*q + 5*b, q - 4*b = -6. What is the units digit of q?
2
Suppose t = 5*n + 170, -6*n = -n + 20. What is the units digit of t?
0
Let v = 1 + 1. Suppose 3*b - 1 = v*d + 4*b, -13 = -4*d + b. What is the units digit of d?
2
Let q(p) = -p**2 + 8*p - 3. Let z(s) = -2*s**2 + 15*s - 7. Let o(i) = -5*q(i) + 3*z(i). Let a be o(4). What is the units digit of (-12)/(-16) - a/8?
1
Suppose -g = 4*g - 25. Suppose 2*v - 4*i - 5 = -1, 10 = 5*v - g*i. What is the units digit of v?
2
Let y(g) be the first derivative of -g**3/3 - g**2/2 + 4*g - 2. What is the units digit of y(0)?
4
Let v(t) = -t**3 + 7*t**2 - 4*t - 8. Let h be v(6). What is the units digit of 17*1 - (7 - h)?
4
Let n = 23 + 60. What is the units digit of n?
3
Let f(n) = -n**2 + 2*n - 5. Let u be f(5). Let m(t) = -2*t + 24. Let r be m(17). Let a = r - u. What is the tens digit of a?
1
Suppose -7 = -3*h - 34. Let f = h - -38. What is the tens digit of f?
2
Let n be 1/(2/(54 - 0)). Let y(w) = -w**2 - 3*w + 3. Let u be y(0). Suppose -u*a + n = 6. What is the units digit of a?
7
Let d = 0 - -2. Suppose d*z - 6 = 14. Let n = z + -3. What is the units digit of n?
7
Suppose -2*l = 3*l. Suppose l = z + 2*p - 4, 3*z + 3*p = 8*z + 6. What is the tens digit of 13 - (1 - -1) - z?
1
What is the tens digit of (-2)/2 - -30 - 1?
2
What is the hundreds digit of (3/9 - (-1042)/6) + -1?
1
Let y(s) = 6*s + 3. What is the units digit of y(4)?
7
Suppose -105 = -3*j - x, -2*x = -4*j - 5*x + 140. What is the units digit of j?
5
Let i = 6 + -10. What is the units digit of 20/15*(-6)/i?
2
Let z(c) = 2*c**2 - 8*c + 5. Let i(g) be the second derivative of g**4/12 - 7*g**3/6 + 2*g**2 + g. Let k(u) = 3*i(u) - 2*z(u). What is the units digit of k(-5)?
2
Suppose 0 = -3*s - 3*r + 30, -2*s + s - 2*r + 11 = 0. Let c = s + -4. Suppose -c*g + 44 = -g. What is the units digit of g?
1
Let s = 19 + 2. What is the tens digit of s?
2
What is the tens digit of 7*((-44)/(-6))/(8/12)?
7
What is the tens digit of 1*139 - (3 + -5 - -5)?
3
Suppose -2*i + 4*i = 2*d - 106, 0 = 4*d + i - 217. What is the units digit of d?
4
Suppose 3*s = 4*s - 53. What is the tens digit of s?
5
Let k = 139 - 55. What is the tens digit of k?
8
Suppose 3*p = -p + 224. What is the units digit of p?
6
Let r = 28 - 23. What is the units digit of r?
5
Suppose -5*a - 142 = -4*i, -a + 6 = -4*a. What is the units digit of i?
3
Suppose 4*h - 851 = j, -4*h - 3*j + 1010 - 139 = 0. What is the units digit of h?
4
Let m be (5/5)/(1/5). Suppose 4*f - 52 = 4*c - 0*c, -m*f + 2*c = -65. What is the tens digit of f?
1
Suppose -4 = -2*l + 3*l. Let g be ((-4)/(-5))/(l/(-40)). Let j = 16 - g. What is the units digit of j?
8
Let b = -22 - -32. What is the tens digit of b?
1
Let q(o) = -o**2 + 4. Let c be q(0). Let p = 3 - c. What is the units digit of p/(1/((-15)/3))?
5
Let z(q) = -q**2 + 8*q - 2. Let j be z(5). Let y = j + -8. Suppose -4*s + y*b = 3*b - 22, 5*s - 23 = -2*b. What is the units digit of s?
5
Let t(y) = y**3 + 2*y**2 + y + 80. What is the tens digit of t(0)?
8
Let v be (-3610)/(-45) + 4/(-18). Suppose 0 = -4*y - 4*w - v, -2*y - 3*y + 2*w - 128 = 0. Let i = y + 44. What is the tens digit of i?
2
Let w(m) = 1. Let x(g) = -10*g - 6. Let d(v) = -8*w(v) - x(v). What is the tens digit of d(4)?
3
Let k = -87 - -116. What is the tens digit of k?
2
Let f(q) = q**2 - 5*q + 3. Let v be f(-4). Suppose 4*h = -5*c + v, h - 2*c = -h + 24. What is the tens digit of h?
1
Suppose -4*k = 5*m - 118, 0*k + 2*m - 124 = -4*k. What is the tens digit of k?
3
What is the units digit of (14/(-3) - 1)*-9?
1
Let k(s) = s**3 - 1. Let t be (-1 - 15/(-9))*3. What is the units digit of k(t)?
7
Suppose g + 4*g - 15 = 0. Suppose -4 = 2*f - g*f. Let j = 7 - f. What is the units digit of j?
3
Let j(w) = 3*w**3 + 4*w + 1. Let f(x) = 2*x**3 + 5*x + 1. Let p be (4/3)/((-2)/9). Let r(d) = p*f(d) + 7*j(d). What is the units digit of r(1)?
8
Let n = 178 + -97. What is the tens digit of n?
8
Let g(n) = -7*n**2 + 2*n - 1. Let q be g(1). Suppose 6 = 4*y + h - 1, -2*y = -5*h - 31. What is the units digit of (-1)/y - 14/q?
2
Let g(r) = r**2 + 5*r + 7. Suppose 0*j = -5*j - 35. What is the tens digit of g(j)?
2
Suppose -30 - 1 = -j. What is the units digit of j?
1
Let t be (-2)/4*(5 - 5). What is the tens digit of 12 + (-1)/(1 + t)?
1
Suppose 0*x = 2*x - 56. What is the tens digit of (-2)/(-7) + 1056/x?
3
Let r = 4 + -8. Let o(p) = p**3 + 4*p**2 + p + 5. Let b be o(r). Suppose 0 = z - b - 1. What is the units digit of z?
2
Let h = -31 + 41. What is the tens digit of h?
1
Let p(j) = 4*j - 1. Let d(c) = -2*c. Let h be d(-1). What is the units digit of p(h)?
7
Let a be -2 - -3 - (1 + 0). Suppose 2*c = -a*c + 56. What is the tens digit of c?
2
Let t(f) = f**3 + 11*f**2 + 8*f - 1. What is the tens digit of t(-10)?
1
Let d(l) be the third derivative of -l**5/60 - 7*l**4/24 + 17*l**3/6 + 10*l**2. What is the units digit of d(-8)?
9
Let j(v) = v + 3. Let m be j(4). Let l = m - 0. What is the units digit of l?
7
Let r = 285 + -131. What is the tens digit of r?
5
Suppose -8 + 1 = -p. What is the units digit of p?
7
Let s(o) = -o**3 - 5*o**2 - 3*o - 2. Let j(y) = -y**2 + y - 5. Let h be j(0). Let z be s(h). Let n = -8 + z. What is the units digit of n?
5
Suppose 118*h = 117*h + 87. What is the units digit of h?
7
Let j(g) = g**2 - 16*g + 3. What is the tens digit of j(18)?
3
Suppose 4*s - 5 = -1. Suppose 2*p = 3*p - s. What is the units digit of p?
1
Let k = -240 + 429. What is the tens digit of k?
8
Suppose 4*f = 5*p - 108, -7*p + 3*p + 84 = -4*f. What is the units digit of p?
4
Suppose 3*r + 36 = -r. Let h = r - -3. Let t = h + 21. What is the units digit of t?
5
Let g(d) = -d**2 + 1. Let i be g(-2). Let m = i + 7. Let b = 5 - m. What is the units digit of b?
1
Let x(v) be the first derivative of v**2 - 2 + 4*